{"id":180,"date":"2016-06-04T20:37:10","date_gmt":"2016-06-04T20:37:10","guid":{"rendered":"https:\/\/gokartparkszeged.hu\/?page_id=180"},"modified":"2016-06-04T20:37:10","modified_gmt":"2016-06-04T20:37:10","slug":"szabalyzat","status":"publish","type":"page","link":"https:\/\/uj.gokartparkszeged.hu\/?page_id=180","title":{"rendered":"Szab\u00e1lyzat"},"content":{"rendered":"<p>[et_pb_section fb_built=&#8221;1&#8243; custom_padding_last_edited=&#8221;on|desktop&#8221; admin_label=&#8221;section&#8221; _builder_version=&#8221;4.16&#8243; background_color=&#8221;rgba(64,64,65,0.5)&#8221; custom_padding_tablet=&#8221;50px|0|50px|0&#8243; transparent_background=&#8221;off&#8221; padding_mobile=&#8221;off&#8221; make_fullwidth=&#8221;off&#8221; use_custom_width=&#8221;off&#8221; width_unit=&#8221;on&#8221; global_colors_info=&#8221;{}&#8221; custom_padding_phone=&#8221;50px|0|50px|0&#8243;][et_pb_row admin_label=&#8221;row&#8221; _builder_version=&#8221;4.16&#8243; background_size=&#8221;initial&#8221; background_position=&#8221;top_left&#8221; background_repeat=&#8221;repeat&#8221; global_colors_info=&#8221;{}&#8221;][et_pb_column type=&#8221;4_4&#8243; _builder_version=&#8221;4.16&#8243; custom_padding=&#8221;|||&#8221; global_colors_info=&#8221;{}&#8221; custom_padding__hover=&#8221;|||&#8221;][et_pb_text admin_label=&#8221;\u00c3\u0192\u00c2ltal\u00c3\u0192\u00c2\u00a1nos&#8221; _builder_version=&#8221;4.16&#8243; background_size=&#8221;initial&#8221; background_position=&#8221;top_left&#8221; background_repeat=&#8221;repeat&#8221; background_layout=&#8221;dark&#8221; use_border_color=&#8221;off&#8221; border_color=&#8221;#ffffff&#8221; border_style=&#8221;solid&#8221; global_colors_info=&#8221;{}&#8221;]<\/p>\n<h1 class=\"wnd-align-center\"><strong>Szab\u00e1lyzat<\/strong><\/h1>\n<div>\n<p class=\"wnd-align-center\"><strong>Gokart Park Szeged ter\u00fclet\u00e9n ny\u00fajtott szolg\u00e1ltat\u00e1sok, illetve ig\u00e9nybe vett eszk\u00f6z\u00f6k haszn\u00e1lat\u00e1nak \u00e1ltal\u00e1nos szab\u00e1lyai!<\/strong><\/p>\n<p class=\"wnd-align-justify\"><strong>Ig\u00e9nybe vev\u0151 tudom\u00e1sul veszi, hogy a szolg\u00e1ltat\u00e1sok tov\u00e1bb\u00e1 az eszk\u00f6z\u00f6k ig\u00e9nybev\u00e9tel\u00e9vel elfogadja az al\u00e1bbi felt\u00e9teleket \u00e9s azokat k\u00f6telez\u0151 \u00e9rv\u00e9ny\u0171nek tekinti mag\u00e1ra n\u00e9zve!<\/strong><\/p>\n<ul>\n<li class=\"wnd-align-justify\"><strong>Az eg\u00e9sz ter\u00fcleten tilos olyan m\u00f3don k\u00f6zlekedni, ami saj\u00e1t vagy m\u00e1s testi \u00e9ps\u00e9g\u00e9t b\u00e1rmilyen form\u00e1ban vesz\u00e9lyeztesse!<\/strong><\/li>\n<li class=\"wnd-align-justify\"><strong>A biztos\u00edtott v\u00e9d\u0151eszk\u00f6z\u00f6k haszn\u00e1lata minden k\u00f6r\u00fclm\u00e9nyek k\u00f6z\u00f6tt k\u00f6telez\u0151!<\/strong><\/li>\n<li class=\"wnd-align-justify\"><strong>A szem\u00e9lyzet utas\u00edt\u00e1sait k\u00f6vetni k\u00f6telez\u0151!<\/strong><\/li>\n<li class=\"wnd-align-justify\"><strong>A gokartokb\u00f3l csak a szem\u00e9lyzet enged\u00e9ly\u00e9vel lehet kisz\u00e1llni!<\/strong><\/li>\n<li class=\"wnd-align-justify\"><strong>Z\u00e1rt cip\u0151 haszn\u00e1lata k\u00f6telez\u0151!<\/strong><\/li>\n<li class=\"wnd-align-justify\"><strong>A gokartba mindig a baloldalr\u00f3l kell ki \u00e9s besz\u00e1llni, a motorhoz ny\u00falni tilos! <\/strong><\/li>\n<li class=\"wnd-align-justify\"><strong>Az esetleges hib\u00e1kat, mozg\u00e1sk\u00e9ptelens\u00e9get, a k\u00e9t k\u00e9z egy\u00fcttes leveg\u0151ben tart\u00e1s\u00e1val kell jelezni, futam k\u00f6zben a gokartb\u00f3l kisz\u00e1llni SZIGOR\u00daAN TILOS!<\/strong><\/li>\n<li class=\"wnd-align-justify\"><strong>A sz\u00e1nd\u00e9kos gumifallal illetve m\u00e1sik j\u00e1rm\u0171vel val\u00f3 \u00fctk\u00f6z\u00e9s tilos \u00e9s vesz\u00e9lyes, tov\u00e1bb\u00e1 azonnal a futam megszak\u00edt\u00e1s\u00e1t eredm\u00e9nyezheti a szem\u00e9lyzet d\u00f6nt\u00e9s\u00e9nek f\u00fcggv\u00e9ny\u00e9ben!<\/strong><\/li>\n<li class=\"wnd-align-justify\"><strong>A futam v\u00e9g\u00e9t kock\u00e1s z\u00e1szl\u00f3 lenget\u00e9se jelzi! Ezek ut\u00e1n a levezet\u0151 k\u00f6rt lass\u00fa temp\u00f3ban kell megtenni!<\/strong><\/li>\n<li class=\"wnd-align-justify\"><strong>A box utc\u00e1ba lassan kell behajtani, valamint annak ter\u00fclet\u00e9n a szem\u00e9lyzeten k\u00edv\u00fcl csak a gokartokba ki- \u00e9s besz\u00e1ll\u00f3 vend\u00e9gek tart\u00f3zkodhatnak!<\/strong><\/li>\n<li class=\"wnd-align-justify\"><strong>A g\u00e1z \u00e9s f\u00e9kped\u00e1lok egy\u00fcttes nyom\u00e1sa tilos \u00e9s sz\u00e1nd\u00e9kos k\u00e1rokoz\u00e1snak min\u0151s\u00fcl!<\/strong><\/li>\n<li class=\"wnd-align-justify\"><strong>Gokartban az ig\u00e9nybe vev\u0151 nem tarthat mag\u00e1n\u00e1l olyan eszk\u00f6zt, amely szem\u00e9lyi s\u00e9r\u00fcl\u00e9st okozhat \u00e9s amiben anyagi k\u00e1r keletkezhet!<\/strong><\/li>\n<li class=\"wnd-align-justify\"><strong>A sz\u00e1nd\u00e9kos k\u00e1rokoz\u00e1s anyagi k\u00e1rt\u00e9r\u00edt\u00e9st vonhat maga ut\u00e1n!<\/strong><\/li>\n<li class=\"wnd-align-justify\"><strong>Az olyan szem\u00e9ly, aki t\u00e1rsadalmilag nem elfogadott magatart\u00e1st tan\u00fas\u00edt a szem\u00e9lyzet meg\u00edt\u00e9l\u00e9se szerint, elt\u00e1vol\u00edthat\u00f3 a Gokart Park Szeged eg\u00e9sz ter\u00fclet\u00e9r\u0151l!<\/strong><\/li>\n<li class=\"wnd-align-justify\"><strong>Ig\u00e9nybe vev\u0151 vagy k\u00e9pvisel\u0151je tudom\u00e1sul veszi, hogy az eszk\u00f6z\u00f6ket saj\u00e1t <\/strong><strong>felel\u0151ss\u00e9g\u00e9re haszn\u00e1lja!<\/strong><\/li>\n<li class=\"wnd-align-justify\"><strong>Gokart Park Szeged \u00fczemeltet\u0151je, illetve szem\u00e9lyzete semmilyen felel\u0151ss\u00e9get nem v\u00e1llal az esetleges szem\u00e9lyi s\u00e9r\u00fcl\u00e9sek\u00e9rt, tov\u00e1bb\u00e1 az ig\u00e9nybe vev\u0151 tulajdon\u00e1ban l\u00e9v\u0151 t\u00e1rgyak\u00e9rt!<\/strong><\/li>\n<\/ul>\n<p class=\"wnd-align-center\"><strong>Tisztelettel Gokart Park Szeged \u00fczemeltet\u0151je \u00e9s munkat\u00e1rsai!<\/strong><\/p>\n<\/div>\n<p>[\/et_pb_text][et_pb_divider show_divider=&#8221;off&#8221; disabled_on=&#8221;on|on|off&#8221; admin_label=&#8221;Divider&#8221; _builder_version=&#8221;4.16&#8243; height=&#8221;30px&#8221; hide_on_mobile=&#8221;on&#8221; global_colors_info=&#8221;{}&#8221;] [\/et_pb_divider][et_pb_text admin_label=&#8221;BOx utcva&#8221; _builder_version=&#8221;4.16&#8243; background_size=&#8221;initial&#8221; background_position=&#8221;top_left&#8221; background_repeat=&#8221;repeat&#8221; background_layout=&#8221;dark&#8221; use_border_color=&#8221;off&#8221; border_color=&#8221;#ffffff&#8221; border_style=&#8221;solid&#8221; global_colors_info=&#8221;{}&#8221;]<\/p>\n<h1>Boxutca szab\u00e1lyok<\/h1>\n<ul>\n<li>A boxutc\u00e1ban a p\u00e1lyamestereken k\u00ed\u00adv\u00fcl csak \u00e9s kiz\u00e1r\u00f3lag a ki \u00e9s besz\u00e1ll\u00f3 vend\u00e9gek tart\u00f3zkodhatnak.<\/li>\n<li>A gokartokba val\u00f3 be- \u00e9s kisz\u00e1ll\u00e1s a p\u00e1lyamesterek enged\u00e9ly\u00e9vel t\u00f6rt\u00e9nhetnek.<\/li>\n<li>Buk\u00f3sisak \u00e9s maszk haszn\u00e1lata k\u00f6telez\u0151 (a p\u00e1lya biztos\u00edtja).<\/li>\n<li>Saj\u00e1t sisak haszn\u00e1lata megengedett, amennyiben az z\u00e1rt, szkafander jelleg\u0171.<\/li>\n<li>Boxutc\u00e1ba val\u00f3 behajt\u00e1st a bal k\u00e9z felemel\u00e9s\u00e9vel kell megkezdeni.<\/li>\n<li>A boxutca megk\u00f6zel\u00edt\u00e9se illetve abban val\u00f3 halad\u00e1s, k\u00f6telez\u0151en lass sebess\u00e9ggel kell v\u00e9grehajtani.<\/li>\n<li>A boxutc\u00e1b\u00f3l val\u00f3 kihajt\u00e1st csak a p\u00e1lyamester enged\u00e9ly\u00e9vel lehet megkezdeni.<\/li>\n<li>A boxutc\u00e1ban val\u00f3 tart\u00f3zkod\u00e1s, halad\u00e1s fokozott figyelmet k\u00f6vetel. Minden ott tart\u00f3zkod\u00f3 vend\u00e9g k\u00f6teles a t\u00f6bbi vend\u00e9g biztons\u00e1g\u00e1ra \u00fcgyelni.<\/li>\n<\/ul>\n<p>[\/et_pb_text][\/et_pb_column][\/et_pb_row][et_pb_row admin_label=&#8221;Row&#8221; _builder_version=&#8221;4.16&#8243; background_size=&#8221;initial&#8221; background_position=&#8221;top_left&#8221; background_repeat=&#8221;repeat&#8221; global_colors_info=&#8221;{}&#8221;][et_pb_column type=&#8221;4_4&#8243; _builder_version=&#8221;4.16&#8243; custom_padding=&#8221;|||&#8221; global_colors_info=&#8221;{}&#8221; custom_padding__hover=&#8221;|||&#8221;][et_pb_divider show_divider=&#8221;off&#8221; disabled_on=&#8221;on|on|off&#8221; admin_label=&#8221;Divider&#8221; _builder_version=&#8221;4.16&#8243; height=&#8221;30px&#8221; hide_on_mobile=&#8221;on&#8221; global_colors_info=&#8221;{}&#8221;] [\/et_pb_divider][et_pb_text admin_label=&#8221;Text&#8221; _builder_version=&#8221;4.16&#8243; background_size=&#8221;initial&#8221; background_position=&#8221;top_left&#8221; background_repeat=&#8221;repeat&#8221; background_layout=&#8221;dark&#8221; use_border_color=&#8221;off&#8221; border_color=&#8221;#ffffff&#8221; border_style=&#8221;solid&#8221; global_colors_info=&#8221;{}&#8221;]<\/p>\n<h1>Z\u00e1szl\u00f3jelz\u00e9sek<\/h1>\n<p>[\/et_pb_text][\/et_pb_column][\/et_pb_row][et_pb_row admin_label=&#8221;Row&#8221; _builder_version=&#8221;4.16&#8243; background_size=&#8221;initial&#8221; background_position=&#8221;top_left&#8221; background_repeat=&#8221;repeat&#8221; global_colors_info=&#8221;{}&#8221; column_structure=&#8221;1_4,1_4,1_4,1_4&#8243;][et_pb_column type=&#8221;1_4&#8243; _builder_version=&#8221;4.16&#8243; custom_padding=&#8221;|||&#8221; global_colors_info=&#8221;{}&#8221; custom_padding__hover=&#8221;|||&#8221;][et_pb_text admin_label=&#8221;Text&#8221; _builder_version=&#8221;4.16&#8243; background_size=&#8221;initial&#8221; background_position=&#8221;top_left&#8221; background_repeat=&#8221;repeat&#8221; background_layout=&#8221;dark&#8221; use_border_color=&#8221;off&#8221; border_color=&#8221;#ffffff&#8221; border_style=&#8221;solid&#8221; global_colors_info=&#8221;{}&#8221;]<\/p>\n<p style=\"text-align: center;\"><img loading=\"lazy\" decoding=\"async\" class=\"wp-image-286 size-thumbnail aligncenter\" src=\"https:\/\/uj.gokartparkszeged.hu\/wp-content\/uploads\/2016\/06\/zaszlo_kek-150x150.png\" alt=\"zaszlo_kek\" width=\"150\" height=\"150\" srcset=\"https:\/\/uj.gokartparkszeged.hu\/wp-content\/uploads\/2016\/06\/zaszlo_kek-150x150.png 150w, https:\/\/uj.gokartparkszeged.hu\/wp-content\/uploads\/2016\/06\/zaszlo_kek.png 300w\" sizes=\"auto, (max-width: 150px) 100vw, 150px\" \/><strong>K\u00e9k z\u00e1szl\u00f3:<br \/><\/strong>Gyorsabb versenyz\u0151 m\u00f6g\u00f6tted, f\u00e9lre h\u00faz\u00f3dva, engedd el!<br \/>A k\u00e9k z\u00e1szl\u00f3 alatt tilos a poz\u00edci\u00f3 szerz\u00e9s.<\/p>\n<p>[\/et_pb_text][\/et_pb_column][et_pb_column type=&#8221;1_4&#8243; _builder_version=&#8221;4.16&#8243; custom_padding=&#8221;|||&#8221; global_colors_info=&#8221;{}&#8221; custom_padding__hover=&#8221;|||&#8221;][et_pb_text admin_label=&#8221;Text&#8221; _builder_version=&#8221;4.16&#8243; background_size=&#8221;initial&#8221; background_position=&#8221;top_left&#8221; background_repeat=&#8221;repeat&#8221; background_layout=&#8221;dark&#8221; use_border_color=&#8221;off&#8221; border_color=&#8221;#ffffff&#8221; border_style=&#8221;solid&#8221; global_colors_info=&#8221;{}&#8221;]<\/p>\n<p style=\"text-align: center;\"><img loading=\"lazy\" decoding=\"async\" class=\"wp-image-289 size-thumbnail aligncenter\" src=\"https:\/\/uj.gokartparkszeged.hu\/wp-content\/uploads\/2016\/06\/zaszlo_piros-150x150.png\" width=\"150\" height=\"150\" srcset=\"https:\/\/uj.gokartparkszeged.hu\/wp-content\/uploads\/2016\/06\/zaszlo_piros-150x150.png 150w, https:\/\/uj.gokartparkszeged.hu\/wp-content\/uploads\/2016\/06\/zaszlo_piros.png 300w\" sizes=\"auto, (max-width: 150px) 100vw, 150px\" \/><strong>Piros z\u00e1szl\u00f3:<\/strong><br \/>A futam azonnali felf\u00fcggeszt\u00e9se! A rajtvonaln\u00e1l meg kell \u00e1llni!<br \/>Ha nem indokolt, tilos azonnal, hirtelen meg\u00e1llni, balesetvesz\u00e9lyes helyzetet teremtve ez\u00e1ltal.<\/p>\n<p>[\/et_pb_text][\/et_pb_column][et_pb_column type=&#8221;1_4&#8243; _builder_version=&#8221;4.16&#8243; custom_padding=&#8221;|||&#8221; global_colors_info=&#8221;{}&#8221; custom_padding__hover=&#8221;|||&#8221;][et_pb_text admin_label=&#8221;Text&#8221; _builder_version=&#8221;4.16&#8243; background_size=&#8221;initial&#8221; background_position=&#8221;top_left&#8221; background_repeat=&#8221;repeat&#8221; background_layout=&#8221;dark&#8221; use_border_color=&#8221;off&#8221; border_color=&#8221;#ffffff&#8221; border_style=&#8221;solid&#8221; global_colors_info=&#8221;{}&#8221;]<\/p>\n<p style=\"text-align: center;\"><img loading=\"lazy\" decoding=\"async\" class=\"wp-image-293 size-thumbnail aligncenter\" src=\"https:\/\/uj.gokartparkszeged.hu\/wp-content\/uploads\/2016\/06\/zaszlo_sarga-150x150.png\" width=\"150\" height=\"150\" srcset=\"https:\/\/uj.gokartparkszeged.hu\/wp-content\/uploads\/2016\/06\/zaszlo_sarga-150x150.png 150w, https:\/\/uj.gokartparkszeged.hu\/wp-content\/uploads\/2016\/06\/zaszlo_sarga.png 300w\" sizes=\"auto, (max-width: 150px) 100vw, 150px\" \/><strong>S\u00e1rga z\u00e1szl\u00f3:<br \/><\/strong>Akad\u00e1ly a p\u00e1ly\u00e1n! A sebess\u00e9get jelent\u0151sen<br \/>cs\u00f6kkenteni kell! Hat\u00e1lya a lenget\u00e9s hely\u00e9t\u0151l, az esem\u00e9ny hely\u00e9ig tart.<\/p>\n<p>[\/et_pb_text][\/et_pb_column][et_pb_column type=&#8221;1_4&#8243; _builder_version=&#8221;4.16&#8243; custom_padding=&#8221;|||&#8221; global_colors_info=&#8221;{}&#8221; custom_padding__hover=&#8221;|||&#8221;][et_pb_text admin_label=&#8221;Text&#8221; _builder_version=&#8221;4.16&#8243; background_size=&#8221;initial&#8221; background_position=&#8221;top_left&#8221; background_repeat=&#8221;repeat&#8221; background_layout=&#8221;dark&#8221; use_border_color=&#8221;off&#8221; border_color=&#8221;#ffffff&#8221; border_style=&#8221;solid&#8221; global_colors_info=&#8221;{}&#8221;]<\/p>\n<p style=\"text-align: center;\"><img loading=\"lazy\" decoding=\"async\" class=\"aligncenter wp-image-295 size-thumbnail\" src=\"https:\/\/uj.gokartparkszeged.hu\/wp-content\/uploads\/2016\/06\/zaszlo_kockas-150x150.png\" width=\"150\" height=\"150\" srcset=\"https:\/\/uj.gokartparkszeged.hu\/wp-content\/uploads\/2016\/06\/zaszlo_kockas-150x150.png 150w, https:\/\/uj.gokartparkszeged.hu\/wp-content\/uploads\/2016\/06\/zaszlo_kockas.png 300w\" sizes=\"auto, (max-width: 150px) 100vw, 150px\" \/><strong>Kock\u00e1s z\u00e1szl\u00f3:<\/strong><br \/>Futam v\u00e9ge, lass\u00fabb levezet\u0151 k\u00f6r<br \/>a box bej\u00e1rat\u00e1ig.<\/p>\n<p>[\/et_pb_text][\/et_pb_column][\/et_pb_row][\/et_pb_section]<\/p>\n","protected":false},"excerpt":{"rendered":"<p>[et_pb_section fb_built=&#8221;1&#8243; custom_padding_last_edited=&#8221;on|desktop&#8221; admin_label=&#8221;section&#8221; _builder_version=&#8221;4.16&#8243; background_color=&#8221;rgba(64,64,65,0.5)&#8221; custom_padding_tablet=&#8221;50px|0|50px|0&#8243; transparent_background=&#8221;off&#8221; padding_mobile=&#8221;off&#8221; make_fullwidth=&#8221;off&#8221; use_custom_width=&#8221;off&#8221; width_unit=&#8221;on&#8221; global_colors_info=&#8221;{}&#8221; custom_padding_phone=&#8221;50px|0|50px|0&#8243;][et_pb_row admin_label=&#8221;row&#8221; _builder_version=&#8221;4.16&#8243; background_size=&#8221;initial&#8221; background_position=&#8221;top_left&#8221; background_repeat=&#8221;repeat&#8221; global_colors_info=&#8221;{}&#8221;][et_pb_column type=&#8221;4_4&#8243; _builder_version=&#8221;4.16&#8243; custom_padding=&#8221;|||&#8221; global_colors_info=&#8221;{}&#8221; custom_padding__hover=&#8221;|||&#8221;][et_pb_text admin_label=&#8221;\u00c3\u0192\u00c2ltal\u00c3\u0192\u00c2\u00a1nos&#8221; _builder_version=&#8221;4.16&#8243; background_size=&#8221;initial&#8221; background_position=&#8221;top_left&#8221; background_repeat=&#8221;repeat&#8221; background_layout=&#8221;dark&#8221; use_border_color=&#8221;off&#8221; border_color=&#8221;#ffffff&#8221; border_style=&#8221;solid&#8221; global_colors_info=&#8221;{}&#8221;] Szab\u00e1lyzat Gokart Park Szeged ter\u00fclet\u00e9n ny\u00fajtott szolg\u00e1ltat\u00e1sok, illetve ig\u00e9nybe vett eszk\u00f6z\u00f6k haszn\u00e1lat\u00e1nak \u00e1ltal\u00e1nos szab\u00e1lyai! Ig\u00e9nybe vev\u0151 tudom\u00e1sul veszi, hogy a [&hellip;]<\/p>\n","protected":false},"author":1,"featured_media":0,"parent":0,"menu_order":0,"comment_status":"closed","ping_status":"closed","template":"","meta":{"_et_pb_use_builder":"on","_et_pb_old_content":"","_et_gb_content_width":"","footnotes":""},"class_list":["post-180","page","type-page","status-publish","hentry"],"_links":{"self":[{"href":"https:\/\/uj.gokartparkszeged.hu\/index.php?rest_route=\/wp\/v2\/pages\/180","targetHints":{"allow":["GET"]}}],"collection":[{"href":"https:\/\/uj.gokartparkszeged.hu\/index.php?rest_route=\/wp\/v2\/pages"}],"about":[{"href":"https:\/\/uj.gokartparkszeged.hu\/index.php?rest_route=\/wp\/v2\/types\/page"}],"author":[{"embeddable":true,"href":"https:\/\/uj.gokartparkszeged.hu\/index.php?rest_route=\/wp\/v2\/users\/1"}],"replies":[{"embeddable":true,"href":"https:\/\/uj.gokartparkszeged.hu\/index.php?rest_route=%2Fwp%2Fv2%2Fcomments&post=180"}],"version-history":[{"count":0,"href":"https:\/\/uj.gokartparkszeged.hu\/index.php?rest_route=\/wp\/v2\/pages\/180\/revisions"}],"wp:attachment":[{"href":"https:\/\/uj.gokartparkszeged.hu\/index.php?rest_route=%2Fwp%2Fv2%2Fmedia&parent=180"}],"curies":[{"name":"wp","href":"https:\/\/api.w.org\/{rel}","templated":true}]}}